True
Is 60859 a composite number?
False
Is 1605787 a prime number?
False
Is 205417 a prime number?
True
Is 7669 prime?
True
Is 848839 a prime number?
True
Is 158271 a composite number?
True
Is 1275769 composite?
True
Is 796241 a composite number?
True
Is 30409 prime?
False
Is 75893 prime?
False
Is 940413 a prime number?
False
Is 4267 a composite number?
True
Is 210029 composite?
True
Is 19763 prime?
True
Is 2463 a prime number?
False
Is 5737 a composite number?
False
Is 677869 a prime number?
False
Is 1648181 a prime number?
True
Is 12746 a prime number?
False
Is 423877 a composite number?
True
Is 14431 a composite number?
False
Is 124847 prime?
True
Is 235603 a composite number?
True
Is 3749 prime?
False
Is 52495 a composite number?
True
Is 29977 prime?
False
Is 36263 prime?
True
Is 2479 prime?
False
Is 14076467 prime?
True
Is 5471 a prime number?
True
Is 131429 prime?
False
Is 3251 prime?
True
Is 572773 composite?
True
Is 2521 prime?
True
Is 34019 a prime number?
True
Is 21587 prime?
True
Is 50357 a prime number?
False
Is 12469 a composite number?
True
Is 2453 a prime number?
False
Is 67987 composite?
False
Is 1678951 composite?
False
Is 127373 prime?
True
Is 1577881 composite?
True
Is 1241953 a composite number?
True
Is 39019 a composite number?
False
Is 19769 prime?
False
Is 16243 prime?
False
Is 13223 a prime number?
False
Is 40789 a prime number?
False
Is 5897 a prime number?
True
Is 121273 a composite number?
True
Is 382051 composite?
True
Is 3239 composite?
True
Is 338617 composite?
True
Is 15683 a composite number?
False
Is 35273 a prime number?
False
Is 420377 a prime number?
False
Is 121843 prime?
True
Is 21401 prime?
True
Is 9923 a prime number?
True
Is 20639 a prime number?
True
Is 3269153 prime?
True
Is 30817 composite?
False
Is 61433 a prime number?
False
Is 1566623 a composite number?
True
Is 2159 a prime number?
False
Is 1691 a composite number?
True
Is 163 prime?
True
Is 199151 a composite number?
False
Is 34321 composite?
True
Is 2750815 a prime number?
False
Is 43385 prime?
False
Is 19277 a prime number?
False
Is 1015577 a composite number?
True
Is 100133 prime?
False
Is 1839 prime?
False
Is 640891 a prime number?
True
Is 1622935 a composite number?
True
Is 1883 a composite number?
True
Is 286589 prime?
True
Is 69733 composite?
True
Is 43153 a prime number?
False
Is 56873 a composite number?
False
Is 66001 prime?
False
Is 5309 a prime number?
True
Is 648097 prime?
True
Is 17623 a prime number?
True
Is 386017 prime?
True
Is 226405 a composite number?
True
Is 26153 a prime number?
True
Is 35357 composite?
True
Is 9445 a composite number?
True
Is 39469 prime?
False
Is 36973 a prime number?
True
Is 56519 a composite number?
False
Is 31307 a prime number?
True
Is 60985 a composite number?
True
Is 452119 prime?
False
Is 42767 a composite number?
False
Is 7103 a prime number?
True
Is 18701 prime?
True
Is 29395 a composite number?
True
Is 2267 prime?
True
Is 572009 a prime number?
False
Is 8223 prime?
False
Is 1707 prime?
False
Is 505 composite?
True
Is 475417 composite?
False
Is 15869 composite?
True
Is 11878 prime?
False
Is 170501 a composite number?
True
Is 9917 prime?
False
Is 11239 prime?
True
Is 13661 a composite number?
True
Is 17863 prime?
True
Is 620779 composite?
True
Is 47371 composite?
True
Is 779803 prime?
False
Is 253531 prime?
True
Is 9977 a prime number?
False
Is 4783 a prime number?
True
Is 260515 prime?
False
Is 1843 a prime number?
False
Is 26153 composite?
False
Is 5318 a prime number?
False
Is 23251 prime?
True
Is 410359 a composite number?
False
Is 11989 a composite number?
True
Is 211 a prime number?
True
Is 4699 prime?
False
Is 10277 a prime number?
False
Is 52961 a prime number?
False
Is 202327 composite?
False
Is 11197 composite?
False
Is 33563 a prime number?
True
Is 6469 a composite number?
False
Is 12323 a composite number?
False
Is 29371 a composite number?
True
Is 10551 a composite number?
True
Is 11617 a prime number?
True
Is 181157 composite?
False
Is 59051 a prime number?
True
Is 334261 a composite number?
False
Is 1655 a composite number?
True
Is 46471 composite?
False
Is 58783 composite?
True
Is 46241 a prime number?
False
Is 785639 composite?
True
Is 298013 a prime number?
True
Is 19181 a composite number?
False
Is 20885 a composite number?
True
Is 1030261 a prime number?
False
Is 63299 a composite number?
False
Is 1437 composite?
True
Is 151205 composite?
True
Is 7451 a composite number?
False
Is 3755 composite?
True
Is 29009 a prime number?
True
Is 91106 composite?
True
Is 3905023 prime?
True
Is 15761 a prime number?
True
Is 11179 a composite number?
True
Is 248219 a prime number?
False
Is 12193 composite?
True
Is 12185 a composite number?
True
Is 1062169 composite?
False
Is 298869 prime?
False
Is 81589 a composite number?
True
Is 295807 prime?
False
Is 921371 a composite number?
True
Is 76341 prime?
False
Is 3691 a prime number?
True
Is 3474691 a composite number?
True
Is 74618 a prime number?
False
Is 1185883 composite?
False
Is 13259 prime?
True
Is 53689 a composite number?
True
Is 509935 composite?
True
Is 260551 a prime number?
True
Is 6238 a prime number?
False
Is 1026521 a composite number?
False
Is 32449 a composite number?
True
Is 4955 prime?
False
Is 372059 a prime number?
True
Is 940535 prime?
False
Is 9671 prime?
False
Is 1673 composite?
True
Is 10663 a composite number?
False
Is 105981 prime?
False
Is 297953 a prime number?
True
Is 7829 prime?
True
Is 85145 a composite number?
True
Is 432781 a prime number?
True
Is 624721 prime?
True
Is 243123 prime?
False
Is 22717 composite?
False
Is 6421 prime?
True
Is 24223 composite?
False
Is 29917 composite?
False
Is 26303 a prime number?
False
Is 745337 a prime number?
True
Is 5209 composite?
False
Is 53 a composite number?
False
Is 31567 composite?
False
Is 220667 a composite number?
False
Is 1039 a composite number?
False
Is 827737 a prime number?
True
Is 1708799 prime?
True
Is 103055 composite?
True
Is 256757 a prime number?
True
Is 405917 composite?
False
Is 967 a prime number?
True
Is 240211 prime?
False
Is 227003 a composite number?
True
Is 2743 a prime number?
False
Is 51257 a composite number?
False
Is 143053 a composite number?
False
Is 211849 a composite number?
True
Is 280751 a prime number?
True
Is 172609 a prime number?
False
Is 27983 a composite number?
False
Is 5755 a composite number?
True
Is 1986787 composite?
True
Is 852901 composite?
True
Is 1017453 composite?
True
Is 312843 prime?
False
Is 59638 composite?
True
Is 29011 composite?
True
Is 18013 a composite number?
False
Is 165701 composite?
False
Is 429279 a prime number?
False
Is 85381 prime?
True
Is 5053 a composite number?
True
Is 5971 a composite number?
True
Is 14591 prime?
True
Is 76417 a composite number?
True
Is 179671 composite?
False
Is 15143 a prime number?
False
Is 1678951 a composite number?
False
Is 108497 prime?
True
Is 97978 a composite number?
True
Is 392699 a composite number?
False
Is 347401 composite?
False
Is 88169 prime?
True
Is 104461 composite?
True
Is 50361 a prime number?
False
Is 843 a prime number?
False
Is 29567 composite?
False
Is 131609 a composite number?
True
Is 5935 prime?
False
Is 6245 prime?
False
Is 88289 prime?
True
Is 84011 a prime number?
True
Is 30341 a composite number?
False
Is 11386 composite?
True
Is 2707699 prime?
True
Is 10843 a prime number?
False
Is 4443 a prime number?
False
Is 16774 a composite number?
True
Is 48149 composite?
True
Is 14923 composite?
False
Is 44617 prime?
True
Is 5779 prime?
True
Is 19549 prime?
False
Is 224669 composite?
False
Is 654083 a prime number?
False
Is 105695 prime?
False
Is 1777 a prime number?
True
Is 400966 a prime number?
False
Is 21239 composite?
True
Is 12929 composite?
True
Is 19531 composite?
False
Is 1693 prime?
True
Is 22207 a composite number?
True
Is 2927777 a prime number?
True
Is 4151 a composite number?
True
Is 1961483 a prime number?
True
Is 51229 prime?
True
Is 170699 a composite number?
True
Is 692917 prime?
True
Is 966557 composite?
False
Is 30193 prime?
False
Is 17153 a prime number?
False
Is 886539 composite?
True
Is 5779 a composite number?
False
Is 146 prime?
False
Is 365561 prime?
False
Is 2189149 a composite number?
True
Is 1931 a composite number?
False
Is 16853 p